) in base 5?
0
-3 (base 13) to base 15
-3
What is -2202 (base 3) in base 7?
-134
0 (base 16) to base 5
0
What is -11 (base 16) in base 13?
-14
Convert 5 (base 15) to base 5.
10
What is -4 (base 11) in base 2?
-100
What is b (base 16) in base 3?
102
What is 2 (base 5) in base 14?
2
Convert 324 (base 5) to base 9.
108
What is -16 (base 13) in base 16?
-13
Convert 1 (base 11) to base 15.
1
What is 4 (base 10) in base 14?
4
Convert 15 (base 13) to base 11.
17
-83 (base 11) to base 6
-231
What is 44 (base 7) in base 4?
200
-6 (base 10) to base 6
-10
87 (base 10) to base 4
1113
What is -49 (base 12) in base 5?
-212
What is -2 (base 13) in base 16?
-2
Convert 123 (base 11) to base 7.
266
What is -1110 (base 4) in base 11?
-77
What is -d7 (base 16) in base 9?
-258
What is 2 (base 5) in base 14?
2
What is 5 (base 11) in base 6?
5
-13 (base 5) to base 13
-8
Convert 4 (base 10) to base 13.
4
30 (base 4) to base 16
c
1 (base 3) to base 11
1
1 (base 10) to base 14
1
What is 12 (base 5) in base 14?
7
-1 (base 9) to base 11
-1
Convert 205 (base 6) to base 3.
2212
1100 (base 3) to base 13
2a
Convert 22 (base 6) to base 4.
32
Convert 2 (base 14) to base 16.
2
What is 0 (base 16) in base 5?
0
What is 2 (base 11) in base 12?
2
14 (base 10) to base 5
24
13 (base 12) to base 13
12
What is -400 (base 8) in base 10?
-256
16 (base 7) to base 12
11
What is 225 (base 8) in base 10?
149
-3 (base 13) to base 7
-3
What is -39 (base 10) in base 5?
-124
10 (base 10) to base 5
20
-11 (base 2) to base 6
-3
22 (base 8) to base 9
20
Convert 42 (base 13) to base 8.
66
100 (base 2) to base 10
4
231 (base 8) to base 12
109
What is -12 (base 14) in base 2?
-10000
What is 14 (base 11) in base 5?
30
-3 (base 6) to base 14
-3
What is -20 (base 7) in base 4?
-32
Convert 1e (base 16) to base 10.
30
What is 136 (base 9) in base 14?
82
What is -60 (base 12) in base 14?
-52
-84 (base 11) to base 4
-1130
1111011 (base 2) to base 8
173
Convert 63 (base 9) to base 10.
57
What is -20 (base 5) in base 8?
-12
What is a (base 16) in base 9?
11
Convert -101 (base 4) to base 8.
-21
What is 33 (base 5) in base 16?
12
1122 (base 7) to base 6
1520
What is 13 (base 10) in base 6?
21
-c2 (base 16) to base 9
-235
What is -34 (base 7) in base 14?
-1b
What is 223 (base 5) in base 8?
77
What is 83 (base 16) in base 6?
335
Convert 10211 (base 3) to base 16.
67
What is 1200 (base 3) in base 2?
101101
What is 1101001 (base 2) in base 11?
96
4 (base 12) to base 16
4
Convert 11 (base 5) to base 13.
6
-216 (base 10) to base 7
-426
Convert 5 (base 16) to base 3.
12
-2 (base 9) to base 10
-2
Convert 1 (base 5) to base 10.
1
15 (base 12) to base 14
13
112011 (base 3) to base 14
1d4
Convert 1 (base 11) to base 5.
1
3a (base 11) to base 7
61
Convert 31 (base 16) to base 5.
144
-1 (base 10) to base 6
-1
Convert 14 (base 11) to base 2.
1111
Convert 22 (base 4) to base 2.
1010
1 (base 10) to base 8
1
What is 0 (base 11) in base 14?
0
Convert 0 (base 11) to base 3.
0
Convert -54 (base 10) to base 14.
-3c
Convert -3 (base 9) to base 8.
-3
15 (base 9) to base 8
16
Convert -3 (base 7) to base 16.
-3
-9d (base 14) to base 7
-256
Convert 0 (base 3) to base 12.
0
What is -2 (base 15) in base 10?
-2
What is 5 (base 7) in base 12?
5
-6 (base 13) to base 5
-11
5 (base 8) to base 16
5
3 (base 8) to base 2
11
What is -23 (base 6) in base 12?
-13
Convert 14 (base 9) to base 13.
10
55 (base 15) to base 16
50
Convert 1 (base 2) to base 10.
1
What is 85 (base 11) in base 7?
162
What is 9 (base 11) in base 7?
12
Convert -4 (base 6) to base 13.
-4
Convert -4 (base 14) to base 8.
-4
What is 1 (base 12) in base 7?
1
What is 29 (base 15) in base 14?
2b
4 (base 7) to base 16
4
4a (base 16) to base 4
1022
Convert 10011 (base 2) to base 3.
201
5 (base 7) to base 4
11
Convert -1bb (base 14) to base 5.
-2421
3a (base 16) to base 9
64
Convert 4 (base 14) to base 7.
4
300 (base 5) to base 2
1001011
What is 10 (base 8) in base 10?
8
What is -344 (base 7) in base 3?
-20122
Convert -276 (base 8) to base 11.
-163
What is -31 (base 12) in base 5?
-122
What is 28 (base 11) in base 7?
42
Convert -1 (base 6) to base 11.
-1
What is 122 (base 4) in base 5?
101
Convert 34 (base 7) to base 6.
41
Convert 4c (base 13) to base 16.
40
What is 1 (base 9) in base 4?
1
Convert 22011 (base 3) to base 14.
11a
Convert -4 (base 13) to base 12.
-4
What is -120 (base 12) in base 16?
-a8
-1 (base 6) to base 7
-1
What is -33 (base 11) in base 8?
-44
What is 12 (base 4) in base 10?
6
What is -17 (base 14) in base 12?
-19
-7 (base 13) to base 14
-7
-3121 (base 4) to base 15
-e7
-1 (base 16) to base 8
-1
Convert 101 (base 2) to base 16.
5
1001 (base 2) to base 4
21
What is 110 (base 2) in base 12?
6
Convert 112 (base 12) to base 8.
236
Convert 150 (base 10) to base 12.
106
Convert 4 (base 14) to base 8.
4
1 (base 12) to base 15
1
What is 4 (base 9) in base 11?
4
5 (base 8) to base 2
101
-1 (base 5) to base 12
-1
-2a (base 15) to base 3
-1111
6 (base 13) to base 3
20
205 (base 10) to base 2
11001101
Convert -1 (base 13) to base 11.
-1
What is 2 (base 9) in base 7?
2
Convert 13 (base 9) to base 12.
10
2 (base 8) to base 9
2
What is -10 (base 10) in base 12?
-a
What is 198 (base 11) in base 13?
147
10 (base 14) to base 10
14
-3 (base 15) to base 10
-3
What is 11111 (base 3) in base 4?
1321
100 (base 2) to base 9
4
Convert 2 (base 15) to base 14.
2
Convert -1155 (base 6) to base 7.
-560
What is -ae (base 15) in base 5?
-1124
-3 (base 9) to base 14
-3
Convert 30 (base 9) to base 15.
1c
Convert 101100 (base 2) to base 4.
230
Convert -20 (base 11) to base 3.
-211
What is -56 (base 16) in base 12?
-72
51 (base 6) to base 13
25
What is 2303 (base 4) in base 5?
1204
Convert -2 (base 15) to base 16.
-2
What is 12 (base 15) in base 14?
13
-1 (base 12) to base 7
-1
What is -10 (base 13) in base 6?
-21
What is b (base 12) in base 10?
11
What is 3 (base 12) in base 13?
3
What is -111011 (base 2) in base 16?
-3b
2112 (base 3) to base 4
1010
What is -2 (base 14) in base 12?
-2
What is -105 (base 6) in base 9?
-45
Convert 33 (base 4) to base 15.
10
Convert -113 (base 9) to base 15.
-63
What is -13 (base 9) in base 2?
-1100
9 (base 12) to base 2
1001
What is 6 (base 13) in base 2?
110
11 (base 10) to base 2
1011
What is -2 (base 16) in base 3?
-2
11 (base 3) to base 5
4
Convert -5 (base 13) to base 3.
-12
Convert 4 (base 13) to base 6.
4
What is -4 (base 6) in base 15?
-4
-37 (base 8) to base 5
-111
What is -40 (base 13) in base 8?
-64
Convert 7 (base 11) to base 7.
10
Convert -10 (base 7) to base 3.
-21
Convert 1 (base 3) to base 16.
1
Convert 111000 (base 2) to base 7.
110
Convert -14 (base 16) to base 13.
-17
What is 15 (base 7) in base 6?
20
What is -4 (base 14) in base 12?
-4
-2 (base 12) to base 9
-2
22 (base 5) to base 8
14
20 (base 7) to base 2
1110
What is 5 (base 16) in base 3?
12
-12 (base 15) to base 10
-17
Convert -12 (base 13) to base 16.
-f
-1110 (base 3) to base 6
-103
Convert -1 (base 5) to base 15.
-1
What is -57 (base 8) in base 3?
-1202
What is -27 (base 11) in base 9?
-32
Convert 6 (base 13) to base 6.
10
What is 2 (base 13) in base 14?
2
What is -1200 (base 3) in base 10?
-45
-7 (base 11) to base 13
-7
What is 11010 (base 2) in base 5?
101
Convert -214 (base 5) to base 10.
-59
What is 7 (base 8) in base 5?
12
Convert -33 (base 4) to base 13.
-12
What is -36 (base 9) in base 4?
-201
-121 (base 5) to base 7
-51
-11 (base 2) to base 12
-3
What is 1211 (base 3) in base 8?
61
What is 1b7 (base 12) in base 11?
238
What is 4 (base 11) in base 16?
4
What is 5 (base 10) in base 13?
5
What is -57 (base 8) in base 4?
-233
Convert 9 (base 13) to base 4.
21
Convert 100100010 (base 2) to base 15.
145
-12 (base 9) to base 11
-10
What is -3 (base 12) in base 14?
-3
-2 (base 3) to base 12
-2
Convert 10 (base 3) to base 5.
3
-233 (base 9) to base 2
-11000000
What is 12 (base 14) in base 4?
100
Convert -1 (base 2) to base 7.
-1
What is -64 (base 16) in base 14?
-72
-12 (base 13) to base 8
-17
Convert -11 (base 15) to base 9.
-17
Convert 2 (base 8) to base 13.
2
What is 0 (base 6) in base 10?
0
-1 (base 12) to base 5
-1
-32 (base 16) to base 2
-110010
What is 3 (base 16) in base 8?
3
What is 28 (base 13) in base 14?
26
Convert -111 (base 2) to base 15.
-7
What is 8 (base 10) in base 9?
8
C